*r**3 + 5*r**2 + 33*r + 100. What are the prime factors of f(-6)?
2, 29, 61
What are the prime factors of ((-654)/6)/((-2)/22)?
11, 109
Let z(a) = 12*a**2 - 2*a - 2. Let q(y) = -y**2. Let p(o) = -3*q(o) - z(o). Let r be p(3). Let g = -30 - r. List the prime factors of g.
43
Suppose 2*p - 566 = -2*i + 6*p, -i + 287 = -p. Suppose -4*l - i = -5*s, 0 = -3*l - 0*l + 3. What are the prime factors of s?
59
Let b = 256 + -244. Let v(c) = -13*c. Let g be v(-4). Suppose g = 4*y + b. What are the prime factors of y?
2, 5
Let g(l) be the third derivative of 0*l - l**2 - 2/3*l**4 + 0*l**3 + 0. List the prime factors of g(-3).
2, 3
Let h = 21 - 19. List the prime factors of (3 + 0/(-1))/(h/36).
2, 3
Let q(u) = u**2 - u - 5. Let r be q(4). Suppose -r*c - 174 = -c. Let v = c - -58. List the prime factors of v.
29
Suppose -5*o + 127 + 148 = 0. Let m = -37 + o. What are the prime factors of m?
2, 3
Suppose 7*m - 3*m = 12. Suppose -3*s - 15 = m*a, -a = 2*a - 4*s + 22. Let o = a + 12. What are the prime factors of o?
2, 3
Let n be 6/(-5)*-5 + -3. Suppose -n*y = -82 - 26. List the prime factors of y.
2, 3
Let u(q) be the first derivative of -7*q**3/6 + 2*q**2 - q - 1. Let l(t) be the first derivative of u(t). List the prime factors of l(-3).
5
Let l(m) = -9*m**3 + 3*m - 4. List the prime factors of l(-3).
2, 5, 23
Suppose k - 3*g + 7*g = 1485, -5884 = -4*k - 2*g. List the prime factors of k.
13, 113
Let n(a) = -2*a + 27. Let v = -26 + 15. Let y = 11 + v. What are the prime factors of n(y)?
3
Let a(d) = d**3 + 4*d**2 + 2*d - 1. Let r be a(-2). Suppose 4*k - t = 26, -14 = r*k - 3*t - 38. What are the prime factors of k?
2, 3
Let k = 171 + -164. Suppose -5*m = -1 + 11. Let d = k + m. List the prime factors of d.
5
Suppose -368 = -t + 5*i + 2082, -5*t + 12172 = i. What are the prime factors of t?
5, 487
Let p be (126/(-70))/(1/(-5)). Suppose -8*k + p*k = -6. What are the prime factors of (116/k)/((-28)/42)?
29
Suppose 2*w + 3*z = -2*w - 28, 12 = -2*w - 2*z. Let v = -5 - w. Suppose v*g - 6*g + 18 = 0. What are the prime factors of g?
2, 3
Let p(v) = -10*v**3 + 8*v**2 + 5*v + 5. What are the prime factors of p(-5)?
2, 5, 11, 13
Let z be (1 - -16) + -8 + 3. Suppose 2*a + 2440 = z*a. List the prime factors of a.
2, 61
Let m be 2/((-8)/(-36)*1). What are the prime factors of (-26)/6*m/(-3)?
13
List the prime factors of ((-3416)/35 + -2)/((-10)/125).
3, 5, 83
Suppose w = f + 1, 0*w - 2*w + 2 = 3*f. Let k be 33/(-77) + (-24)/(-7). Suppose k*a - 47 - 56 = -4*n, f = 4*a + 5*n - 137. List the prime factors of a.
3, 11
Let t = -3629 + 6124. List the prime factors of t.
5, 499
Suppose 12 = -r - 2*r + 4*o, -2*r = 3*o - 9. Suppose v + v = -p + 115, r = v - 3*p - 61. List the prime factors of v.
2, 29
Let u be (-11)/(-3) - (-8)/(-12). Suppose x + 0*x = 4*r - 312, 0 = -u*x - 12. What are the prime factors of r?
7, 11
Let l(r) = r**3 + 11*r**2 + 9*r - 8. Let y be l(-10). What are the prime factors of (y*55)/(17 - 15)?
5, 11
Suppose 0 = -57*q + 225541 - 17206. What are the prime factors of q?
5, 17, 43
Let d(j) = -2*j + j - 1 + 9. Let n be d(5). Suppose 60 = 4*f - 5*v, -n*f + 116 = 2*f + 4*v. What are the prime factors of f?
2, 5
Let l be (121 + (1 - -1))*1. Let m = l - 19. What are the prime factors of m?
2, 13
Let r = -642 + 1064. What are the prime factors of r?
2, 211
Suppose 2140 = -10*j + 47260. List the prime factors of j.
2, 3, 47
Let w(q) = 30*q + 40. Let s be w(-4). Let h be (44/(-3))/2*3. Let f = h - s. List the prime factors of f.
2, 29
Let y(d) = 2*d**2 - d + 2. Let b be y(-6). Let t = 45 - b. Let m = -11 - t. List the prime factors of m.
2, 3
Let r be (3 + 0)/(9/(-42)). List the prime factors of (371/r)/((-2)/4).
53
Let a = 3128 - 2049. List the prime factors of a.
13, 83
Let d(y) = -5*y + 3. Let l be d(2). Let x(k) = k**2 + 19*k + 72. Let o be x(-4). Let s = o + l. List the prime factors of s.
5
Let m(c) = c**2 + 11*c - 36. Let f be m(-13). List the prime factors of ((-318)/(-5) - 2) + (-4)/f.
2, 31
Suppose -72342 = 57*a - 271044. What are the prime factors of a?
2, 3, 7, 83
Suppose 3*i + 11*r = 10*r + 358, 3*i - 4*r - 383 = 0. List the prime factors of i.
11
List the prime factors of 4929/(-12)*(-100)/25.
31, 53
Let l = -43 + 52. What are the prime factors of ((-180)/6)/(l/(-12))?
2, 5
Suppose y = 3*y + 2*u - 10, 9 = 3*y + u. Suppose 5 = y*w - 3. Suppose -3*r = w*h - 50, -r - 16 = 4*h - 5*h. What are the prime factors of h?
2, 7
Suppose -u = 6 - 5. Let x(y) = -118*y**3 - 2*y**2 + y + 1. List the prime factors of x(u).
2, 29
Suppose -2*x + 4 = 4*u, x = 4*u - 0*x - 16. Suppose 0 = -5*g - 2*c + u*c + 725, g - 145 = 3*c. List the prime factors of g.
5, 29
Suppose 4*d = 2*y + 14, -4*d + 5*y + 20 = d. Let l = d + -1. Suppose 2*k = -l*b + 98, k = -b - k + 52. What are the prime factors of b?
2, 23
Let x be -37*(2 + 0 + -1). Let q(f) = -f - 7. Let z be q(-3). List the prime factors of x/(-2) - 2/z.
19
Suppose 9*x + 1295 = 4*x. Let b = x - -438. What are the prime factors of b?
179
List the prime factors of 48 + 2784 - (0 - -5).
11, 257
Suppose -11*f - 1341 = -20*f. List the prime factors of f.
149
Let t(q) = 3*q**2 + 3*q + 8. Suppose 0 = -12*a + 11*a - 1. Let j be -4 - -11 - (a + 4). List the prime factors of t(j).
2, 17
Suppose -1756 - 2300 = -12*m. List the prime factors of m.
2, 13
Let u be 24/(2/4 + 1). Let v(s) = 3*s + 37. Let z be v(u). Let h = -36 + z. What are the prime factors of h?
7
Let c = -445 + 2257. List the prime factors of c.
2, 3, 151
Let d(g) = -14*g + 6 - 2 + 11 + 11. List the prime factors of d(-8).
2, 3, 23
What are the prime factors of (-8)/(20 - 4)*-2406?
3, 401
Let r = -2997 - -7214. What are the prime factors of r?
4217
Let h(c) = c + 13. Let v be h(-11). Let q be (-2)/(-5) - 296/(-10). Suppose v*w + z = 55, -q = -w - 0*w + 2*z. List the prime factors of w.
2, 7
Suppose 12 = -4*l, -4*t + t - l = -6. List the prime factors of 337/t - 1 - 112/(-168).
2, 7
List the prime factors of 9852/13 + (-18)/(-117).
2, 379
Let u(x) = -x**2 + 7*x - 11. Let a(q) = q**2 - 7*q + 10. Let g(z) = -5*a(z) - 4*u(z). Let b be g(7). Let t = b - -11. What are the prime factors of t?
5
Suppose -5*i - 227 = -s - 1314, -4*i + 862 = 3*s. What are the prime factors of i?
7, 31
Suppose 11 = -5*f - 24. Let z = 60 - f. What are the prime factors of z?
67
Let x(q) = -q**3 + 10*q**2 - 7*q - 7. Suppose 7*s - 6*s - 8 = 0. What are the prime factors of x(s)?
5, 13
Let d(x) = x**3 - 4*x**2 + x + 1. Let r be d(4). Suppose -588 = -r*w - w. Let n = -64 + w. List the prime factors of n.
2, 17
Let h = 46 - 42. Suppose h*k = -131 + 463. What are the prime factors of k?
83
List the prime factors of 5 - 54/10 - 1034/(-10).
103
Let q be (-4)/(-1) + 2*(1 - 120). Let a = q + 349. What are the prime factors of a?
5, 23
Let t = 3 + 3. Let g(l) = 2*l**3 - 33*l**2 - 16*l + 4. Let k be g(17). Let h = k + t. List the prime factors of h.
3
Suppose -h + 5 - 11 = 0. Let z = h + 8. Suppose -z*j = -5*m - 20, -5*m - 21 = -j - 6. List the prime factors of j.
5
Let u = -1515 + 2170. List the prime factors of u.
5, 131
Let y(q) = 16*q**2 + 11*q + 31. What are the prime factors of y(5)?
2, 3
Let f = -16 - -13. Let q be f/(1/(0 + -1)). Suppose -i + q*k = -43, 0 = 5*k - k. List the prime factors of i.
43
Let h be (-1)/(-1 - 32/(-36)). List the prime factors of (3 - 18)/5 + 10*h.
3, 29
Let w = 4673 - 3244. What are the prime factors of w?
1429
Suppose -11*a + 65 = 2*a. Suppose 3*f - 16 = -f, -a*w + 238 = -3*f. List the prime factors of w.
2, 5
List the prime factors of (-20)/15*6198/(-8).
1033
Let z = 41 - 219. Let w = -106 - z. Suppose -b - b = -w. What are the prime factors of b?
2, 3
Suppose 5*u + 2*g - 2947 = 4193, -4*u + 5715 = g. What are the prime factors of u?
2, 5, 11, 13
List the prime factors of (-2)/3 - 380/(-57) - -1142.
2, 7, 41
Suppose 2147*b - 2158*b = -19261. What are the prime factors of b?
17, 103
Suppose 2*n = -l - 2*n - 6, 0 = 3*l + n - 4. Suppose l*z + 2*m = 0, 6*m - m = 0. Suppose 2*c + 2*c = -2*b + 24, 3*c + 5*b - 11 = z. List the prime factors of c.
7
Suppose -316*x + 17355 = -303*x. List the prime factors of x.
3, 5, 89
Suppose 0 = 5*g - 67 - 48. Let m = 12 + g. List the prime factors of m.
5, 7
Let a = 183 - -932. What are the prime factors of a?
5, 223
Suppose -17*v - 1924 + 11172 = 0. Wh